hat is 252727 (base 9) in base 5?
14343303
Convert -528094 (base 10) to base 15.
-a6714
Convert -134363 (base 9) to base 7.
-460626
What is 23226502 (base 7) in base 3?
10211200101111
What is 10122021221110 (base 3) in base 7?
22305411
What is 4224504 (base 6) in base 2?
110010001111111000
Convert 302320033 (base 4) to base 2.
110010111000001111
What is 1021140 (base 5) in base 12?
9a45
-822da3 (base 14) to base 5
-2110400403
What is 572237 (base 8) in base 9?
324626
Convert 1285f2 (base 16) to base 15.
18ea43
-34b07 (base 15) to base 14
-4525b
What is 111110101001001000110 (base 2) in base 5?
1011141203
Convert -5114377 (base 10) to base 13.
-10a0b78
Convert 1140461 (base 7) to base 15.
2cb4e
377377 (base 11) to base 3
1010020202000
What is -1324148 (base 10) in base 2?
-101000011010001110100
What is 143056 (base 8) in base 13?
1a128
What is 122496 (base 10) in base 2?
11101111010000000
What is 10110111111110001101 (base 2) in base 11?
475175
What is 105223 (base 11) in base 12?
81259
Convert -1388207 (base 9) to base 12.
-30bab1
-214314331 (base 5) to base 4
-3203221302
db1c (base 15) to base 12
22a09
Convert -526120 (base 8) to base 13.
-61979
What is -1403460 (base 7) in base 2?
-101101011100100000
1250 (base 10) to base 15
585
What is 36555333 (base 7) in base 12?
111ab29
What is 149a76 (base 15) in base 5?
223311421
What is -352323033 (base 6) in base 7?
-106513533
329454 (base 10) to base 12
13a7a6
What is -100110111011010000111010 (base 2) in base 5?
-10103013333
What is 3446365 (base 7) in base 15?
88021
Convert 101101011010001000 (base 2) to base 4.
231122020
What is -13441200 (base 5) in base 4?
-202032033
Convert 123211201 (base 6) to base 16.
2491b1
-214300 (base 7) to base 14
-d970
-1b3e9e (base 15) to base 8
-5045012
156775 (base 12) to base 16
58dc9
90035 (base 14) to base 6
11224515
Convert -4303000 (base 5) to base 4.
-101220322
What is 1000101100010000011 (base 2) in base 14?
75b11
Convert 25132 (base 7) to base 9.
10031
Convert 10123341023 (base 5) to base 12.
3581b64
Convert 353402425 (base 6) to base 3.
110102211110222
Convert -28c068 (base 13) to base 3.
-1212200100100
Convert 2a8cdb (base 15) to base 16.
1f5afa
Convert -5655214 (base 7) to base 2.
-10101011100111000100
What is -63430245 (base 8) in base 3?
-221102112011122
What is -3300444 (base 5) in base 14?
-1678a
Convert 227911 (base 12) to base 4.
2012321131
Convert -46d72 (base 14) to base 13.
-60846
Convert -42241342 (base 6) to base 9.
-2280828
What is 83cc03 (base 14) in base 4?
100333030003
Convert -a9944 (base 11) to base 2.
-100110111100100110
Convert 2023300440 (base 5) to base 6.
224140502
What is -73b (base 13) in base 7?
-3411
What is -14110015 (base 7) in base 8?
-5005117
Convert 224572 (base 9) to base 4.
200313032
What is 43877 (base 15) in base 16?
34609
-325a265 (base 11) to base 7
-66435630
20bc9 (base 16) to base 4
200233021
Convert -816d (base 16) to base 9.
-50404
Convert -4523235 (base 6) to base 8.
-676747
What is -1322270 (base 9) in base 3?
-1100202022100
What is 10010110201120 (base 3) in base 7?
20063241
Convert 24250 (base 15) to base 2.
11100001001001011
50754 (base 12) to base 3
12022200201
-907480 (base 12) to base 13
-60b1c6
-111000201122 (base 3) to base 9
-430648
Convert 704356 (base 12) to base 9.
3255443
What is 320401433 (base 6) in base 9?
11531163
What is 41558 (base 12) in base 14?
23204
Convert 2518454 (base 11) to base 14.
81c157
13312122130 (base 4) to base 5
1011323014
What is -15202066 (base 10) in base 7?
-243133615
-3b5c9 (base 13) to base 14
-2c588
What is 2ecb99 (base 15) in base 7?
25204611
Convert -110130332 (base 4) to base 10.
-83774
Convert -1047700 (base 8) to base 16.
-44fc0
Convert -803ba2 (base 15) to base 13.
-1351c28
-660033 (base 9) to base 2
-1100000000111011010
Convert 1355383 (base 10) to base 6.
45014531
101343664 (base 7) to base 5
3010200334
What is 1c8c7 (base 15) in base 3?
11201201121
-300030331 (base 4) to base 6
-4122021
-8445 (base 14) to base 11
-16145
ac754a (base 13) to base 10
4071948
What is -2720307 (base 8) in base 10?
-762055
What is -110330211333 (base 4) in base 14?
-a2d195
Convert 1153225 (base 7) to base 14.
3bb15
What is -21104 (base 10) in base 13?
-97b5
-27656116 (base 8) to base 11
-358941a
Convert 11101100101010010 (base 2) to base 3.
20011012210
-620b1 (base 16) to base 10
-401585
Convert -100001010111001010 (base 2) to base 16.
-215ca
-4344301110 (base 5) to base 10
-9368905
What is 10213133144 (base 5) in base 10?
10677299
Convert -112012003 (base 5) to base 9.
-843061
Convert 111110101100110001 (base 2) to base 15.
51162
What is 2152307 (base 8) in base 15?
b673e
Convert -42223043 (base 6) to base 5.
-303410000
What is -170a3a8 (base 11) in base 12?
-b85719
Convert 5065363 (base 8) to base 3.
2111222112020
What is 13431004 (base 5) in base 9?
232324
What is 100100011111100 (base 2) in base 13?
8673
What is -570b45 (base 13) in base 5?
-1011331213
What is 45122224 (base 6) in base 2?
101001100111111001000
-123101213123 (base 4) to base 9
-14407012
What is 113856 (base 15) in base 3?
1112202120200
123441223 (base 5) to base 11
386560
2b00cf (base 16) to base 15
3aa08a
Convert 284e62 (base 15) to base 11.
1105a14
-427d7 (base 15) to base 3
-101201110211
What is bb95 (base 16) in base 6?
1010153
What is -2c0a4 (base 15) in base 5?
-14020104
What is -235407 (base 12) in base 8?
-2127407
What is -16b9502 (base 12) in base 16?
-481292
-10c893 (base 15) to base 11
-4a8461
-244211410 (base 5) to base 16
-11c05b
Convert 1222300220 (base 5) to base 16.
2cba6e
3c43a (base 14) to base 6
3105512
What is 43741 (base 12) in base 15?
1b65a
What is 42655aa (base 11) in base 10?
7503572
Convert b2511 (base 13) to base 14.
845a0
Convert -5406 (base 14) to base 10.
-14510
What is -1200112011022 (base 3) in base 5?
-212133212
256755 (base 15) to base 6
102240312
What is -a58459 (base 11) in base 10?
-1694911
What is 14b9bb (base 13) in base 3?
221222110222
What is 30243367 (base 8) in base 6?
344350343
What is 2127663 (base 8) in base 16?
8afb3
Convert -154349 (base 13) to base 8.
-1776276
Convert 2573534 (base 8) to base 7.
6052201
Convert b144 (base 13) to base 5.
1240032
-434580 (base 11) to base 2
-10101001011110000000
-132407 (base 10) to base 12
-6475b
-40881 (base 12) to base 16
-148e1
-1a820a2 (base 11) to base 12
-120a731
-2040 (base 5) to base 2
-100001110
What is 5b2b47 (base 13) in base 15?
2d004d
What is 4b164 (base 13) in base 14?
38766
What is 1574fd (base 16) in base 5?
324444310
Convert -12592126 (base 10) to base 4.
-300002033332
Convert -11101011101001111 (base 2) to base 3.
-20010111201
What is 31032002 (base 4) in base 11?
37754
What is 19334c (base 15) in base 3?
2022021120200
What is 1657584 (base 11) in base 8?
12605736
Convert 21510642 (base 7) to base 16.
1c4067
-22ab3b (base 13) to base 8
-3110443
What is 3a252 (base 13) in base 5?
11424213
Convert -162445 (base 13) to base 11.
-344618
What is 4311485 (base 9) in base 7?
25432310
What is 111312201 (base 4) in base 10?
89505
Convert -10010101001010011 (base 2) to base 3.
-10212202120
Convert -901b7 (base 14) to base 16.
-547f5
What is -2410355 (base 6) in base 10?
-125855
Convert -23224144 (base 7) to base 10.
-2039902
What is -2137194 (base 12) in base 3?
-102211211121111
Convert -1de395 (base 15) to base 16.
-165cdd
-414510551 (base 6) to base 15
-97ace1
Convert -31334501 (base 7) to base 6.
-132425012
Convert -21010122000 (base 3) to base 5.
-13443202
101000111111111000 (base 2) to base 14
452ac
Convert 110221110012200 (base 3) to base 13.
156a9a7
What is 1122201 (base 5) in base 15?
6036
What is -112032 (base 6) in base 11?
-7179
What is 536460 (base 7) in base 16?
16d5e
Convert 1404466 (base 8) to base 10.
395574
What is 376673 (base 11) in base 7?
5024016
What is -73e43 (base 16) in base 10?
-474691
320102231122 (base 4) to base 16
e12b5a
Convert 175507 (base 9) to base 4.
122213221
What is -1002002221 (base 3) in base 16?
-52e4
Convert -83907 (base 12) to base 13.
-605c8
19a88 (base 16) to base 13
38ab4
Convert 1322577 (base 8) to base 6.
11533103
What is 11201200212001 (base 3) in base 12?
a12691
What is -3040413 (base 5) in base 9?
-74781
-21920 (base 11) to base 16
-7bec
What is 12796 (base 15) in base 13